{"id":7669,"date":"2025-02-06T12:55:11","date_gmt":"2025-02-06T11:55:11","guid":{"rendered":"https:\/\/vallesalado.com\/producto\/liburua-la-comunidad-de-propietarios-del-valle-salado-de-anana\/"},"modified":"2025-02-06T12:55:11","modified_gmt":"2025-02-06T11:55:11","slug":"liburua-la-comunidad-de-propietarios-del-valle-salado-de-anana","status":"publish","type":"product","link":"https:\/\/www.vallesalado.com\/eu\/producto\/liburua-la-comunidad-de-propietarios-del-valle-salado-de-anana\/","title":{"rendered":"Liburua: La Comunidad de Propietarios del Valle Salado de A\u00f1ana"},"content":{"rendered":"<p>&#8220;A\u00f1anako Gatz Harana&#8221; bildumako 2. liburukia, Alberto Platak idatzia. Bere 354 orrialdeetan, munduko gatz-fabrika zaharrenaren jabeen elkartearen zazpi mila urteko historia azaltzen du. Artxiboetan gordetako argazki zahar guztiak ere biltzen dira. <\/p>\n","protected":false},"excerpt":{"rendered":"<p>&#8220;A\u00f1anako Gatz Harana&#8221; bildumako 2. liburukia, Alberto Platak idatzia. Bere 354 orrialdeetan, munduko gatz-fabrika zaharrenaren jabeen elkartearen zazpi mila urteko historia azaltzen du. Artxiboetan gordetako argazki zahar guztiak ere biltzen dira.<\/p>\n","protected":false},"featured_media":5451,"comment_status":"open","ping_status":"closed","template":"","meta":{"inline_featured_image":false,"_links_to":"","_links_to_target":""},"product_brand":[],"product_cat":[65],"product_tag":[],"class_list":{"0":"post-7669","1":"product","2":"type-product","3":"status-publish","4":"has-post-thumbnail","6":"product_cat-liburuak","8":"first","9":"instock","10":"taxable","11":"shipping-taxable","12":"purchasable","13":"product-type-simple"},"yoast_head":"<!-- This site is optimized with the Yoast SEO plugin v26.7 - https:\/\/yoast.com\/wordpress\/plugins\/seo\/ -->\n<title>Liburua: La Comunidad de Propietarios del Valle Salado de A\u00f1ana - Valle Salado de A\u00f1ana<\/title>\n<meta name=\"robots\" content=\"index, follow, max-snippet:-1, max-image-preview:large, max-video-preview:-1\" \/>\n<link rel=\"canonical\" href=\"https:\/\/www.vallesalado.com\/eu\/producto\/liburua-la-comunidad-de-propietarios-del-valle-salado-de-anana\/\" \/>\n<meta property=\"og:locale\" content=\"eu_ES\" \/>\n<meta property=\"og:type\" content=\"article\" \/>\n<meta property=\"og:title\" content=\"Liburua: La Comunidad de Propietarios del Valle Salado de A\u00f1ana - Valle Salado de A\u00f1ana\" \/>\n<meta property=\"og:description\" content=\"&#8220;A\u00f1anako Gatz Harana&#8221; bildumako 2. liburukia, Alberto Platak idatzia. Bere 354 orrialdeetan, munduko gatz-fabrika zaharrenaren jabeen elkartearen zazpi mila urteko historia azaltzen du. Artxiboetan gordetako argazki zahar guztiak ere biltzen dira.\" \/>\n<meta property=\"og:url\" content=\"https:\/\/www.vallesalado.com\/eu\/producto\/liburua-la-comunidad-de-propietarios-del-valle-salado-de-anana\/\" \/>\n<meta property=\"og:site_name\" content=\"Valle Salado de A\u00f1ana\" \/>\n<meta property=\"article:publisher\" content=\"https:\/\/www.facebook.com\/ValleSaladodeAnana\" \/>\n<meta property=\"og:image\" content=\"https:\/\/www.vallesalado.com\/wp-content\/uploads\/2025\/02\/comunidad-propietarios-valle-arana.webp\" \/>\n\t<meta property=\"og:image:width\" content=\"800\" \/>\n\t<meta property=\"og:image:height\" content=\"800\" \/>\n\t<meta property=\"og:image:type\" content=\"image\/webp\" \/>\n<meta name=\"twitter:card\" content=\"summary_large_image\" \/>\n<meta name=\"twitter:site\" content=\"@vallesalado\" \/>\n<script type=\"application\/ld+json\" class=\"yoast-schema-graph\">{\"@context\":\"https:\/\/schema.org\",\"@graph\":[{\"@type\":\"WebPage\",\"@id\":\"https:\/\/www.vallesalado.com\/eu\/producto\/liburua-la-comunidad-de-propietarios-del-valle-salado-de-anana\/\",\"url\":\"https:\/\/www.vallesalado.com\/eu\/producto\/liburua-la-comunidad-de-propietarios-del-valle-salado-de-anana\/\",\"name\":\"Liburua: La Comunidad de Propietarios del Valle Salado de A\u00f1ana - Valle Salado de A\u00f1ana\",\"isPartOf\":{\"@id\":\"https:\/\/www.vallesalado.com\/eu\/#website\"},\"primaryImageOfPage\":{\"@id\":\"https:\/\/www.vallesalado.com\/eu\/producto\/liburua-la-comunidad-de-propietarios-del-valle-salado-de-anana\/#primaryimage\"},\"image\":{\"@id\":\"https:\/\/www.vallesalado.com\/eu\/producto\/liburua-la-comunidad-de-propietarios-del-valle-salado-de-anana\/#primaryimage\"},\"thumbnailUrl\":\"https:\/\/www.vallesalado.com\/wp-content\/uploads\/2025\/02\/comunidad-propietarios-valle-arana.webp\",\"datePublished\":\"2025-02-06T11:55:11+00:00\",\"breadcrumb\":{\"@id\":\"https:\/\/www.vallesalado.com\/eu\/producto\/liburua-la-comunidad-de-propietarios-del-valle-salado-de-anana\/#breadcrumb\"},\"inLanguage\":\"eu-ES\",\"potentialAction\":[{\"@type\":\"ReadAction\",\"target\":[\"https:\/\/www.vallesalado.com\/eu\/producto\/liburua-la-comunidad-de-propietarios-del-valle-salado-de-anana\/\"]}]},{\"@type\":\"ImageObject\",\"inLanguage\":\"eu-ES\",\"@id\":\"https:\/\/www.vallesalado.com\/eu\/producto\/liburua-la-comunidad-de-propietarios-del-valle-salado-de-anana\/#primaryimage\",\"url\":\"https:\/\/www.vallesalado.com\/wp-content\/uploads\/2025\/02\/comunidad-propietarios-valle-arana.webp\",\"contentUrl\":\"https:\/\/www.vallesalado.com\/wp-content\/uploads\/2025\/02\/comunidad-propietarios-valle-arana.webp\",\"width\":800,\"height\":800},{\"@type\":\"BreadcrumbList\",\"@id\":\"https:\/\/www.vallesalado.com\/eu\/producto\/liburua-la-comunidad-de-propietarios-del-valle-salado-de-anana\/#breadcrumb\",\"itemListElement\":[{\"@type\":\"ListItem\",\"position\":1,\"name\":\"Valle Salado\",\"item\":\"https:\/\/www.vallesalado.com\/eu\/\"},{\"@type\":\"ListItem\",\"position\":2,\"name\":\"Shop\",\"item\":\"https:\/\/www.vallesalado.com\/tienda\/\"},{\"@type\":\"ListItem\",\"position\":3,\"name\":\"Liburua: La Comunidad de Propietarios del Valle Salado de A\u00f1ana\"}]},{\"@type\":\"WebSite\",\"@id\":\"https:\/\/www.vallesalado.com\/eu\/#website\",\"url\":\"https:\/\/www.vallesalado.com\/eu\/\",\"name\":\"Valle Salado de A\u00f1ana\",\"description\":\"Valle Salado de A\u00f1ana\",\"publisher\":{\"@id\":\"https:\/\/www.vallesalado.com\/eu\/#organization\"},\"potentialAction\":[{\"@type\":\"SearchAction\",\"target\":{\"@type\":\"EntryPoint\",\"urlTemplate\":\"https:\/\/www.vallesalado.com\/eu\/?s={search_term_string}\"},\"query-input\":{\"@type\":\"PropertyValueSpecification\",\"valueRequired\":true,\"valueName\":\"search_term_string\"}}],\"inLanguage\":\"eu-ES\"},{\"@type\":\"Organization\",\"@id\":\"https:\/\/www.vallesalado.com\/eu\/#organization\",\"name\":\"Valle Salado de A\u00f1ana\",\"url\":\"https:\/\/www.vallesalado.com\/eu\/\",\"logo\":{\"@type\":\"ImageObject\",\"inLanguage\":\"eu-ES\",\"@id\":\"https:\/\/www.vallesalado.com\/eu\/#\/schema\/logo\/image\/\",\"url\":\"https:\/\/www.vallesalado.com\/wp-content\/uploads\/2025\/05\/logo-valle-salado.webp\",\"contentUrl\":\"https:\/\/www.vallesalado.com\/wp-content\/uploads\/2025\/05\/logo-valle-salado.webp\",\"width\":600,\"height\":143,\"caption\":\"Valle Salado de A\u00f1ana\"},\"image\":{\"@id\":\"https:\/\/www.vallesalado.com\/eu\/#\/schema\/logo\/image\/\"},\"sameAs\":[\"https:\/\/www.facebook.com\/ValleSaladodeAnana\",\"https:\/\/x.com\/vallesalado\",\"https:\/\/www.instagram.com\/vallesalado\/\"]}]}<\/script>\n<!-- \/ Yoast SEO plugin. -->","yoast_head_json":{"title":"Liburua: La Comunidad de Propietarios del Valle Salado de A\u00f1ana - Valle Salado de A\u00f1ana","robots":{"index":"index","follow":"follow","max-snippet":"max-snippet:-1","max-image-preview":"max-image-preview:large","max-video-preview":"max-video-preview:-1"},"canonical":"https:\/\/www.vallesalado.com\/eu\/producto\/liburua-la-comunidad-de-propietarios-del-valle-salado-de-anana\/","og_locale":"eu_ES","og_type":"article","og_title":"Liburua: La Comunidad de Propietarios del Valle Salado de A\u00f1ana - Valle Salado de A\u00f1ana","og_description":"&#8220;A\u00f1anako Gatz Harana&#8221; bildumako 2. liburukia, Alberto Platak idatzia. Bere 354 orrialdeetan, munduko gatz-fabrika zaharrenaren jabeen elkartearen zazpi mila urteko historia azaltzen du. Artxiboetan gordetako argazki zahar guztiak ere biltzen dira.","og_url":"https:\/\/www.vallesalado.com\/eu\/producto\/liburua-la-comunidad-de-propietarios-del-valle-salado-de-anana\/","og_site_name":"Valle Salado de A\u00f1ana","article_publisher":"https:\/\/www.facebook.com\/ValleSaladodeAnana","og_image":[{"width":800,"height":800,"url":"https:\/\/www.vallesalado.com\/wp-content\/uploads\/2025\/02\/comunidad-propietarios-valle-arana.webp","type":"image\/webp"}],"twitter_card":"summary_large_image","twitter_site":"@vallesalado","schema":{"@context":"https:\/\/schema.org","@graph":[{"@type":"WebPage","@id":"https:\/\/www.vallesalado.com\/eu\/producto\/liburua-la-comunidad-de-propietarios-del-valle-salado-de-anana\/","url":"https:\/\/www.vallesalado.com\/eu\/producto\/liburua-la-comunidad-de-propietarios-del-valle-salado-de-anana\/","name":"Liburua: La Comunidad de Propietarios del Valle Salado de A\u00f1ana - Valle Salado de A\u00f1ana","isPartOf":{"@id":"https:\/\/www.vallesalado.com\/eu\/#website"},"primaryImageOfPage":{"@id":"https:\/\/www.vallesalado.com\/eu\/producto\/liburua-la-comunidad-de-propietarios-del-valle-salado-de-anana\/#primaryimage"},"image":{"@id":"https:\/\/www.vallesalado.com\/eu\/producto\/liburua-la-comunidad-de-propietarios-del-valle-salado-de-anana\/#primaryimage"},"thumbnailUrl":"https:\/\/www.vallesalado.com\/wp-content\/uploads\/2025\/02\/comunidad-propietarios-valle-arana.webp","datePublished":"2025-02-06T11:55:11+00:00","breadcrumb":{"@id":"https:\/\/www.vallesalado.com\/eu\/producto\/liburua-la-comunidad-de-propietarios-del-valle-salado-de-anana\/#breadcrumb"},"inLanguage":"eu-ES","potentialAction":[{"@type":"ReadAction","target":["https:\/\/www.vallesalado.com\/eu\/producto\/liburua-la-comunidad-de-propietarios-del-valle-salado-de-anana\/"]}]},{"@type":"ImageObject","inLanguage":"eu-ES","@id":"https:\/\/www.vallesalado.com\/eu\/producto\/liburua-la-comunidad-de-propietarios-del-valle-salado-de-anana\/#primaryimage","url":"https:\/\/www.vallesalado.com\/wp-content\/uploads\/2025\/02\/comunidad-propietarios-valle-arana.webp","contentUrl":"https:\/\/www.vallesalado.com\/wp-content\/uploads\/2025\/02\/comunidad-propietarios-valle-arana.webp","width":800,"height":800},{"@type":"BreadcrumbList","@id":"https:\/\/www.vallesalado.com\/eu\/producto\/liburua-la-comunidad-de-propietarios-del-valle-salado-de-anana\/#breadcrumb","itemListElement":[{"@type":"ListItem","position":1,"name":"Valle Salado","item":"https:\/\/www.vallesalado.com\/eu\/"},{"@type":"ListItem","position":2,"name":"Shop","item":"https:\/\/www.vallesalado.com\/tienda\/"},{"@type":"ListItem","position":3,"name":"Liburua: La Comunidad de Propietarios del Valle Salado de A\u00f1ana"}]},{"@type":"WebSite","@id":"https:\/\/www.vallesalado.com\/eu\/#website","url":"https:\/\/www.vallesalado.com\/eu\/","name":"Valle Salado de A\u00f1ana","description":"Valle Salado de A\u00f1ana","publisher":{"@id":"https:\/\/www.vallesalado.com\/eu\/#organization"},"potentialAction":[{"@type":"SearchAction","target":{"@type":"EntryPoint","urlTemplate":"https:\/\/www.vallesalado.com\/eu\/?s={search_term_string}"},"query-input":{"@type":"PropertyValueSpecification","valueRequired":true,"valueName":"search_term_string"}}],"inLanguage":"eu-ES"},{"@type":"Organization","@id":"https:\/\/www.vallesalado.com\/eu\/#organization","name":"Valle Salado de A\u00f1ana","url":"https:\/\/www.vallesalado.com\/eu\/","logo":{"@type":"ImageObject","inLanguage":"eu-ES","@id":"https:\/\/www.vallesalado.com\/eu\/#\/schema\/logo\/image\/","url":"https:\/\/www.vallesalado.com\/wp-content\/uploads\/2025\/05\/logo-valle-salado.webp","contentUrl":"https:\/\/www.vallesalado.com\/wp-content\/uploads\/2025\/05\/logo-valle-salado.webp","width":600,"height":143,"caption":"Valle Salado de A\u00f1ana"},"image":{"@id":"https:\/\/www.vallesalado.com\/eu\/#\/schema\/logo\/image\/"},"sameAs":["https:\/\/www.facebook.com\/ValleSaladodeAnana","https:\/\/x.com\/vallesalado","https:\/\/www.instagram.com\/vallesalado\/"]}]}},"_links":{"self":[{"href":"https:\/\/www.vallesalado.com\/eu\/wp-json\/wp\/v2\/product\/7669","targetHints":{"allow":["GET"]}}],"collection":[{"href":"https:\/\/www.vallesalado.com\/eu\/wp-json\/wp\/v2\/product"}],"about":[{"href":"https:\/\/www.vallesalado.com\/eu\/wp-json\/wp\/v2\/types\/product"}],"replies":[{"embeddable":true,"href":"https:\/\/www.vallesalado.com\/eu\/wp-json\/wp\/v2\/comments?post=7669"}],"wp:featuredmedia":[{"embeddable":true,"href":"https:\/\/www.vallesalado.com\/eu\/wp-json\/wp\/v2\/media\/5451"}],"wp:attachment":[{"href":"https:\/\/www.vallesalado.com\/eu\/wp-json\/wp\/v2\/media?parent=7669"}],"wp:term":[{"taxonomy":"product_brand","embeddable":true,"href":"https:\/\/www.vallesalado.com\/eu\/wp-json\/wp\/v2\/product_brand?post=7669"},{"taxonomy":"product_cat","embeddable":true,"href":"https:\/\/www.vallesalado.com\/eu\/wp-json\/wp\/v2\/product_cat?post=7669"},{"taxonomy":"product_tag","embeddable":true,"href":"https:\/\/www.vallesalado.com\/eu\/wp-json\/wp\/v2\/product_tag?post=7669"}],"curies":[{"name":"wp","href":"https:\/\/api.w.org\/{rel}","templated":true}]}}

Liburua: La Comunidad de Propietarios del Valle Salado de Añana

<p>&#8220;Añanako Gatz Harana&#8221; bildumako 2. liburukia, Alberto Platak idatzia. Bere 354 orrialdeetan, munduko gatz-fabrika zaharrenaren jabeen elkartearen zazpi mila urteko historia azaltzen du. Artxiboetan gordetako argazki zahar guztiak ere biltzen dira. </p>

<p>&#8220;Añanako Gatz Harana&#8221; bildumako 2. liburukia, Alberto Platak idatzia. Bere 354 orrialdeetan, munduko gatz-fabrika zaharrenaren jabeen elkartearen zazpi mila urteko historia azaltzen du. Artxiboetan gordetako argazki zahar guztiak ere biltzen dira.</p>

<!-- This site is optimized with the Yoast SEO plugin v26.7 - https://yoast.com/wordpress/plugins/seo/ -->
<title>Liburua: La Comunidad de Propietarios del Valle Salado de Añana - Valle Salado de Añana</title>
<meta name="robots" content="index, follow, max-snippet:-1, max-image-preview:large, max-video-preview:-1" />
<link rel="canonical" href="https://www.vallesalado.com/eu/producto/liburua-la-comunidad-de-propietarios-del-valle-salado-de-anana/" />
<meta property="og:locale" content="eu_ES" />
<meta property="og:type" content="article" />
<meta property="og:title" content="Liburua: La Comunidad de Propietarios del Valle Salado de Añana - Valle Salado de Añana" />
<meta property="og:description" content="&#8220;Añanako Gatz Harana&#8221; bildumako 2. liburukia, Alberto Platak idatzia. Bere 354 orrialdeetan, munduko gatz-fabrika zaharrenaren jabeen elkartearen zazpi mila urteko historia azaltzen du. Artxiboetan gordetako argazki zahar guztiak ere biltzen dira." />
<meta property="og:url" content="https://www.vallesalado.com/eu/producto/liburua-la-comunidad-de-propietarios-del-valle-salado-de-anana/" />
<meta property="og:site_name" content="Valle Salado de Añana" />
<meta property="article:publisher" content="https://www.facebook.com/ValleSaladodeAnana" />
<meta property="og:image" content="https://www.vallesalado.com/wp-content/uploads/2025/02/comunidad-propietarios-valle-arana.webp" />
	<meta property="og:image:width" content="800" />
	<meta property="og:image:height" content="800" />
	<meta property="og:image:type" content="image/webp" />
<meta name="twitter:card" content="summary_large_image" />
<meta name="twitter:site" content="@vallesalado" />
<script type="application/ld+json" class="yoast-schema-graph">{"@context":"https://schema.org","@graph":[{"@type":"WebPage","@id":"https://www.vallesalado.com/eu/producto/liburua-la-comunidad-de-propietarios-del-valle-salado-de-anana/","url":"https://www.vallesalado.com/eu/producto/liburua-la-comunidad-de-propietarios-del-valle-salado-de-anana/","name":"Liburua: La Comunidad de Propietarios del Valle Salado de Añana - Valle Salado de Añana","isPartOf":{"@id":"https://www.vallesalado.com/eu/#website"},"primaryImageOfPage":{"@id":"https://www.vallesalado.com/eu/producto/liburua-la-comunidad-de-propietarios-del-valle-salado-de-anana/#primaryimage"},"image":{"@id":"https://www.vallesalado.com/eu/producto/liburua-la-comunidad-de-propietarios-del-valle-salado-de-anana/#primaryimage"},"thumbnailUrl":"https://www.vallesalado.com/wp-content/uploads/2025/02/comunidad-propietarios-valle-arana.webp","datePublished":"2025-02-06T11:55:11+00:00","breadcrumb":{"@id":"https://www.vallesalado.com/eu/producto/liburua-la-comunidad-de-propietarios-del-valle-salado-de-anana/#breadcrumb"},"inLanguage":"eu-ES","potentialAction":[{"@type":"ReadAction","target":["https://www.vallesalado.com/eu/producto/liburua-la-comunidad-de-propietarios-del-valle-salado-de-anana/"]}]},{"@type":"ImageObject","inLanguage":"eu-ES","@id":"https://www.vallesalado.com/eu/producto/liburua-la-comunidad-de-propietarios-del-valle-salado-de-anana/#primaryimage","url":"https://www.vallesalado.com/wp-content/uploads/2025/02/comunidad-propietarios-valle-arana.webp","contentUrl":"https://www.vallesalado.com/wp-content/uploads/2025/02/comunidad-propietarios-valle-arana.webp","width":800,"height":800},{"@type":"BreadcrumbList","@id":"https://www.vallesalado.com/eu/producto/liburua-la-comunidad-de-propietarios-del-valle-salado-de-anana/#breadcrumb","itemListElement":[{"@type":"ListItem","position":1,"name":"Valle Salado","item":"https://www.vallesalado.com/eu/"},{"@type":"ListItem","position":2,"name":"Shop","item":"https://www.vallesalado.com/tienda/"},{"@type":"ListItem","position":3,"name":"Liburua: La Comunidad de Propietarios del Valle Salado de Añana"}]},{"@type":"WebSite","@id":"https://www.vallesalado.com/eu/#website","url":"https://www.vallesalado.com/eu/","name":"Valle Salado de Añana","description":"Valle Salado de Añana","publisher":{"@id":"https://www.vallesalado.com/eu/#organization"},"potentialAction":[{"@type":"SearchAction","target":{"@type":"EntryPoint","urlTemplate":"https://www.vallesalado.com/eu/?s={search_term_string}"},"query-input":{"@type":"PropertyValueSpecification","valueRequired":true,"valueName":"search_term_string"}}],"inLanguage":"eu-ES"},{"@type":"Organization","@id":"https://www.vallesalado.com/eu/#organization","name":"Valle Salado de Añana","url":"https://www.vallesalado.com/eu/","logo":{"@type":"ImageObject","inLanguage":"eu-ES","@id":"https://www.vallesalado.com/eu/#/schema/logo/image/","url":"https://www.vallesalado.com/wp-content/uploads/2025/05/logo-valle-salado.webp","contentUrl":"https://www.vallesalado.com/wp-content/uploads/2025/05/logo-valle-salado.webp","width":600,"height":143,"caption":"Valle Salado de Añana"},"image":{"@id":"https://www.vallesalado.com/eu/#/schema/logo/image/"},"sameAs":["https://www.facebook.com/ValleSaladodeAnana","https://x.com/vallesalado","https://www.instagram.com/vallesalado/"]}]}</script>
<!-- / Yoast SEO plugin. -->

Liburua: La Comunidad de Propietarios del Valle Salado de Añana - Valle Salado de Añana

&#8220;Añanako Gatz Harana&#8221; bildumako 2. liburukia, Alberto Platak idatzia. Bere 354 orrialdeetan, munduko gatz-fabrika zaharrenaren jabeen elkartearen zazpi mila urteko historia azaltzen du. Artxiboetan gordetako argazki zahar guztiak ere biltzen dira.

Valle Salado de Añana
